49?
3
What is the millions digit of 1432005?
1
What is the hundred thousands digit of 264263?
2
What is the units digit of 645713?
3
What is the ten thousands digit of 14844784?
4
What is the hundred thousands digit of 706114?
7
What is the units digit of 1845137?
7
What is the hundreds digit of 5506986?
9
What is the hundreds digit of 242272?
2
What is the ten thousands digit of 705468?
0
What is the hundred thousands digit of 8430253?
4
What is the thousands digit of 245196?
5
What is the thousands digit of 35276410?
6
What is the ten thousands digit of 322670?
2
What is the hundreds digit of 4683076?
0
What is the millions digit of 1936026?
1
What is the ten millions digit of 30291614?
3
What is the hundred thousands digit of 1524764?
5
What is the hundred thousands digit of 17023452?
0
What is the ten thousands digit of 16550513?
5
What is the ten thousands digit of 754315?
5
What is the hundreds digit of 6675697?
6
What is the hundreds digit of 1420625?
6
What is the units digit of 334949?
9
What is the ten millions digit of 14191962?
1
What is the millions digit of 1673909?
1
What is the units digit of 29669986?
6
What is the tens digit of 347479?
7
What is the hundred thousands digit of 257299?
2
What is the ten thousands digit of 32592?
3
What is the tens digit of 333006?
0
What is the hundreds digit of 1000661?
6
What is the hundred thousands digit of 237722?
2
What is the tens digit of 13146882?
8
What is the hundred thousands digit of 667372?
6
What is the units digit of 6145657?
7
What is the thousands digit of 1096033?
6
What is the hundred thousands digit of 4504370?
5
What is the thousands digit of 27249620?
9
What is the hundreds digit of 66843?
8
What is the tens digit of 144859?
5
What is the units digit of 25863639?
9
What is the hundred thousands digit of 1935150?
9
What is the thousands digit of 6583518?
3
What is the hundreds digit of 16655763?
7
What is the tens digit of 4637271?
7
What is the thousands digit of 6156998?
6
What is the ten thousands digit of 1860332?
6
What is the units digit of 9542281?
1
What is the ten thousands digit of 3922550?
2
What is the tens digit of 39752984?
8
What is the hundred thousands digit of 2651604?
6
What is the tens digit of 5078440?
4
What is the tens digit of 289799?
9
What is the tens digit of 616094?
9
What is the millions digit of 3927811?
3
What is the units digit of 3484538?
8
What is the hundreds digit of 10877755?
7
What is the thousands digit of 344296?
4
What is the hundred thousands digit of 628275?
6
What is the hundreds digit of 1039919?
9
What is the thousands digit of 1527154?
7
What is the ten thousands digit of 1407020?
0
What is the units digit of 7479357?
7
What is the millions digit of 2191323?
2
What is the tens digit of 7502281?
8
What is the units digit of 78436?
6
What is the ten thousands digit of 132252?
3
What is the ten thousands digit of 635250?
3
What is the ten thousands digit of 1550964?
5
What is the units digit of 1135891?
1
What is the hundred thousands digit of 171493?
1
What is the tens digit of 2542294?
9
What is the tens digit of 416896?
9
What is the tens digit of 1156048?
4
What is the thousands digit of 7164705?
4
What is the hundred thousands digit of 1219484?
2
What is the ten thousands digit of 2341787?
4
What is the hundred thousands digit of 163576?
1
What is the millions digit of 1481969?
1
What is the ten thousands digit of 2707522?
0
What is the tens digit of 2259279?
7
What is the hundreds digit of 515612?
6
What is the thousands digit of 750601?
0
What is the millions digit of 3837948?
3
What is the tens digit of 6198656?
5
What is the thousands digit of 501297?
1
What is the hundred thousands digit of 477061?
4
What is the millions digit of 15643097?
5
What is the ten thousands digit of 34124682?
2
What is the units digit of 2373718?
8
What is the units digit of 19279738?
8
What is the tens digit of 1141954?
5
What is the hundred thousands digit of 2255526?
2
What is the tens digit of 659537?
3
What is the ten thousands digit of 10063559?
6
What is the ten thousands digit of 5093540?
9
What is the hundred thousands digit of 873048?
8
What is the ten thousands digit of 208208?
0
What is the hundred thousands digit of 663718?
6
What is the hundreds digit of 41704949?
9
What is the ten thousands digit of 585879?
8
What is the tens digit of 206035?
3
What is the ten thousands digit of 222819?
2
What is the ten thousands digit of 5839900?
3
What is the hundreds digit of 283399?
3
What is the thousands digit of 485659?
5
What is the ten thousands digit of 657996?
5
What is the ten thousands digit of 200437?
0
What is the ten thousands digit of 8340366?
4
What is the hundreds digit of 902748?
7
What is the hundreds digit of 44498?
4
What is the hundred thousands digit of 9015927?
0
What is the hundreds digit of 360462?
4
What is the millions digit of 13996456?
3
What is the thousands digit of 747604?
7
What is the ten thousands digit of 45218?
4
What is the tens digit of 18622369?
6
What is the hundreds digit of 2411629?
6
What is the hundred thousands digit of 2251265?
2
What is the ten thousands digit of 378230?
7
What is the units digit of 60044?
4
What is the hundred thousands digit of 171059?
1
What is the hundred thousands digit of 3254607?
2
What is the units digit of 15090587?
7
What is the ten thousands digit of 135035?
3
What is the thousands digit of 4381979?
1
What is the hundreds digit of 28392?
3
What is the ten thousands digit of 150885?
5
What is the ten thousands digit of 16424611?
2
What is the units digit of 1225155?
5
What is the ten thousands digit of 4455188?
5
What is the hundreds digit of 4598398?
3
What is the thousands digit of 96727?
6
What is the units digit of 23367563?
3
What is the hundreds digit of 1435398?
3
What is the hundreds digit of 677366?
3
What is the tens digit of 38040420?
2
What is the hundreds digit of 5135573?
5
What is the tens digit of 328417?
1
What is the hundred thousands digit of 222104?
2
What is the thousands digit of 23502061?
2
What is the hundreds digit of 923237?
2
What is the millions digit of 1004114?
1
What is the units digit of 1062919?
9
What is the tens digit of 13555212?
1
What is the thousands digit of 8522?
8
What is the thousands digit of 1769236?
9
What is the units digit of 9388?
8
What is the millions digit of 3832633?
3
What is the hundred thousands digit of 289755?
2
What is the hundreds digit of 772759?
7
What is the hundreds digit of 105116?
1
What is the hundreds digit of 117551?
5
What is the millions digit of 7516402?
7
What is the hundreds digit of 206416?
4
What is the thousands digit of 6122?
6
What is the tens digit of 66371?
7
What is the thousands digit of 4208127?
8
What is the units digit of 1903793?
3
What is the hundreds digit of 456293?
2
What is the ten thousands digit of 348455?
4
What is the hundreds digit of 42386?
3
What is the units digit of 4838888?
8
What is the ten thousands digit of 634287?
3
What is the millions digit of 3301636?
3
What is the millions digit of 10506276?
0
What is the tens digit of 91466?
6
What is the ten thousands digit of 255622?
5
What is the units digit of 9070290?
0
What is the ten millions digit of 16578838?
1
What is the units digit of 8550302?
2
What is the hundreds digit of 357797?
7
What is the tens digit of 263013?
1
What is the ten thousands digit of 10936734?
3
What is the hundreds digit of 236318?
3
What is the units digit of 125938?
8
What is the hundred thousands digit of 754894?
7
What is the hundred thousands digit of 2462998?
4
What is the thousands digit of 2854818?
4
What is the hundreds digit of 10379186?
1
What is the hundreds digit of 26891136?
1
What is the hundreds digit of 8379666?
6
What is the tens digit of 177842?
4
What is the units digit of 402856?
6
What is the hundreds digit of 1833997?
9
What is the tens digit of 2787956?
5
What is the tens digit of 10905743?
4
What is the hundreds digit of 236943?
9
What is the tens digit of 44151?
5
What is the hundred thousands digit of 124945?
1
What is the thousands digit of 5741514?
1
What is the millions digit of 16023993?
6
What is the units digit of 168245?
5
What is the ten millions digit of 10039522?
1
What is the thousands digit of 28523